 v?
19
Let d be (-163)/(-7) - 2/7. Let i = 1779 - 1572. Calculate the highest common divisor of d and i.
23
Let d be (-9)/(-45) + 21/(-5). Let a be (-2 - -210)/1 + d. Let k = a - 138. Calculate the greatest common factor of 22 and k.
22
Let u(d) = -d**2 + 4*d + 6. Let p = 6 - 1. Let l be u(p). Let i be l - 1 - (3 - 4). What is the greatest common factor of i and 4?
1
Let v(y) = -y**2 + 23*y + 3. Let g be v(18). Calculate the greatest common divisor of g and 31.
31
Let x(f) = 5*f**2 + 3*f - 2. Let v be ((-2)/(-4)*-6)/(-1). Let j be 0 + 1/(-2 + v). Let s be x(j). What is the highest common factor of 54 and s?
6
Suppose 5*k = 1219 - 144. Let n(l) = 24*l + 523. Let g be n(-20). Calculate the greatest common divisor of g and k.
43
Suppose -3*m - 23 = -2*j, -3*m - 2*m - 22 = -j. Calculate the highest common factor of 581 and j.
7
Let a(n) = n**3 + n + n**2 + 0*n**3 + 0*n**3 + 8. Let h be a(0). Suppose 0 = f + b - 8, -4*f + 4*b - h = -2*f. Calculate the greatest common factor of f and 20.
4
Suppose 0 = 3*c + 5*q - 4*q - 75, 2*c + q = 51. Suppose 0 = -4*d - 12, -3*a + 39 = -0*a + 5*d. What is the highest common factor of a and c?
6
Let l be 22/(-33)*9/(-2). Suppose r = -0*a + l*a - 240, 2*a - 160 = 2*r. Calculate the highest common divisor of 10 and a.
10
Suppose 0 = 33*o - 40*o + 1365. What is the greatest common factor of 78 and o?
39
Suppose -1008 = -3*g + 17*g. Let u be 119/9 - (-16)/g. Calculate the highest common factor of u and 117.
13
Suppose 3*d - 523 - 77 = 0. What is the greatest common divisor of d and 150?
50
Let y = -1 - -5. Suppose 3*v = y*j + j - 48, -2*j - 4*v = -14. Let s be (-2)/(-1) - (-2 + -5). Calculate the highest common factor of j and s.
9
Let n be 3 + (-3 + 7)/(-2). Suppose -3*s + n = 4*x - 92, 5*s = -x + 2. Suppose 2*c - x = -3*a, 0 = 2*c - c. What is the greatest common factor of 54 and a?
9
Suppose 221 + 29 = 5*k. What is the greatest common factor of 75 and k?
25
Suppose 2*h - 5*h = -3*b + 81, 5*b - 126 = -4*h. Let n = -14 - -17. Suppose -52 = -n*s + b. What is the highest common divisor of s and 13?
13
Let g = 14 - 15. Let h be (0 + 1)/(g/(-5)). Suppose 0*n + h*n - 12 = t, -5*n + 27 = 4*t. What is the greatest common divisor of n and 21?
3
Suppose 5*c + 2*s = 267 - 42, c + 2*s = 37. Calculate the highest common factor of c and 188.
47
Let p(r) = -r**3 + 2*r**2 + 44*r - 8. Let q be p(-7). What is the highest common factor of q and 15?
5
Let n be (77/21*-11)/(2/(-18)). What is the highest common divisor of n and 33?
33
Suppose 3*d + 5*f = 407, -4*f + 866 - 166 = 5*d. What is the highest common factor of d and 512?
16
Let k = -372 + 391. Calculate the greatest common divisor of k and 95.
19
Suppose 3*w - 203 = -5*c, 3*c + 4*w - 115 = 9. What is the greatest common divisor of 4 and c?
4
Suppose 0 = u - 11 + 7, -4*w + 2*u - 4 = 0. Calculate the greatest common factor of w and 13.
1
Suppose -3*x + 7 = 253. Let r = x - 12. Let q = -10 - r. Calculate the greatest common factor of 21 and q.
21
Suppose 0*n = -5*n + 25, -2*b + 3*n = -741. Calculate the highest common divisor of 84 and b.
42
Let i(s) = s**3 - 25*s**2 + 3*s - 53. Let n be i(25). What is the highest common divisor of n and 8?
2
Let c = 1800 - 1776. Let s = 42 + -26. Calculate the highest common divisor of c and s.
8
Suppose 2*g - 14 = -10. Suppose 3*j = g*s + 227, 3*j = -0*s - 3*s + 237. What is the greatest common factor of 11 and j?
11
Let t = 26 - 11. Suppose -2*i = -4*z + 4, -1 = 4*i - 5*z - 5. What is the highest common factor of t and i?
3
Let z = 6 + -3. Suppose -g - 73 - 20 = 0. Let h = g + 96. What is the highest common factor of z and h?
3
Let n be (-126 + 1)/((-72)/360). Calculate the highest common factor of 25 and n.
25
Suppose -100*s - 2644 = -43144. Calculate the highest common factor of 567 and s.
81
Let u be ((-46)/(-3))/(-6 + (-140)/(-21)). Calculate the greatest common factor of 207 and u.
23
Suppose -7 = -2*c - 3. Let o be -2 + (-5)/((-15)/348). Let u = -106 + o. Calculate the highest common factor of c and u.
2
Let v = -7542 + 7544. Let u = 49 - 23. What is the highest common factor of v and u?
2
Let x be (3 - 175/10)*26. Let q be x/(-4) - (-21)/28. Calculate the highest common divisor of 38 and q.
19
Let l(o) = o**3 + 5*o**2 + o - 2. Let s be ((-6)/(-12))/((-2)/8). Let y be l(s). Calculate the greatest common divisor of y and 40.
8
Suppose -186 = -2*p - 2*s, -5*s - 38 = -p + 37. Let v be 72/7 + 2/(-7). What is the highest common factor of v and p?
10
Let o(i) = -i + 16. Let w be o(11). Suppose -w*g = -2*g - 12. Let y be 12/(g/((-56)/(-3))). Calculate the greatest common divisor of 7 and y.
7
Suppose -g = 144*t - 146*t + 58, -2*t + 4*g + 70 = 0. Calculate the highest common divisor of 66 and t.
3
Let w = 2697 + -2421. Calculate the highest common factor of w and 24.
12
Suppose 0 = -11*f + 153 + 1013. Calculate the greatest common factor of 2 and f.
2
Suppose 25 = 5*z + 2*i, 14*i - 5 = 13*i. What is the greatest common divisor of 21 and z?
3
Let l = 14 + 34. Suppose -8*v = -4*v - 136. Let r be v + (-1 - (-3)/(-3)). Calculate the greatest common factor of r and l.
16
Let j be 4 + (-1 - -1)/(-2). Suppose 6*y - 22 = 2. Suppose 0 = -2*l + y*l - 8. Calculate the greatest common divisor of l and j.
4
Let n(m) = -14*m + 4. Let z = -11 - -2. Let l be n(z). What is the greatest common divisor of 13 and l?
13
Suppose 2*g = -0 + 24. Let k be 29/4 - 3/g. Suppose 3*u + 318 = 5*n, -2*u = -2*n + 204 - 76. Calculate the highest common divisor of k and n.
7
Suppose -5892 = -28*b + 3936. Calculate the highest common factor of b and 27.
27
Suppose 3*r - 262 = 4*o, 5*r - 158 = -o + 271. Let v = 176 - r. Suppose 0 = -8*g + 3*g + 50. What is the highest common divisor of v and g?
10
Let i = -32 - -38. Suppose -2*h = -4 - i. What is the highest common divisor of h and 25?
5
Let f = 19 + -1. Suppose 3*d + f = k + d, 2*k = 3*d + 39. What is the highest common factor of 60 and k?
12
Let f(d) = 57*d**2 - 12*d + 13. Let m be f(1). What is the highest common factor of m and 87?
29
Suppose -3*r = -2*r - 44. Suppose 2*k = s + 8, -3*s + k = 2*s + 4. Suppose 5*m + 5*y = -s*m + 45, y - 5 = 0. What is the highest common divisor of r and m?
4
Let z(w) = -w**2 + 17*w - 48. Suppose -2*t + 30 = 4*o, o + 63 = 5*t - o. Let l be z(t). Calculate the highest common factor of l and 52.
4
Let o = -5 + 27. Let q(g) = -g**2 + o + 3 + 5 + 1. Let y be q(0). Calculate the greatest common factor of 62 and y.
31
Let k be (4/(-6))/(2/(-30)). Let z be (-2 + 6)/(2 - 0). Suppose -z*d + 4 = 0, -t + 3*d = -6*t + 26. What is the highest common factor of k and t?
2
Let r(d) = 7*d**2 + 5*d - 1. Let h be (-2)/(-5)*(-2 + -3). Let u be r(h). What is the highest common divisor of u and 85?
17
Let y = -1734 + 1746. Calculate the highest common divisor of 204 and y.
12
Let k be (6 + -2)/2 - -73. Let j = -1474 + 1499. What is the greatest common divisor of k and j?
25
Let x(q) = -4*q - 4. Let a(d) = -d. Let p(s) = 6*a(s) - x(s). Let l be p(0). Calculate the greatest common factor of l and 4.
4
Let p = 2260 + -1147. Suppose 0 = 5*w - p - 557. Suppose -z + 74 = -3*i, -2*z - 3*z = -3*i - w. What is the highest common divisor of 26 and z?
13
Let r = 8 + -11. Let w(p) = p**3 + 10*p**2 - 56*p - 11. Let u be w(-14). Let j = r - u. What is the highest common divisor of 8 and j?
8
Let f = -3 - -11. Let t be 1 + ((-5)/25)/((-2)/70). Calculate the greatest common divisor of t and f.
8
Suppose -8*l + 40 = 2*l. Suppose -4*d = -3*w - w - 84, 10 = 2*d. Let c be (-1 + -15)/(8/w). Calculate the highest common factor of c and l.
4
Let a be 57/9*(7 - 4). Calculate the highest common factor of 3 and a.
1
Suppose 3*i = -0*i. Let a be 2/((-4)/10) + i. Let m be (-8 - -1)*(a - 24). Calculate the highest common divisor of 29 and m.
29
Suppose -135 = -0*i - 3*i. Let s = -1644 + 1659. Calculate the greatest common divisor of i and s.
15
Let c = -70 + 130. What is the highest common factor of c and 156?
12
Let k(l) = -2*l**2 + 41*l - 101. Let m be k(17). What is the greatest common divisor of 438 and m?
6
Let m = 35 - 39. Let h be 4/(-12) - 111/(-9) - m. What is the greatest common divisor of 80 and h?
16
Suppose -c - 5*i - 1 = 0, -2*c + 6*c - 4*i = -28. Let k = c - -38. Calculate the highest common divisor of k and 2.
2
Let z = 290 + -28